 14823 a multiple of 15?
False
Does 2 divide 85?
False
Is 5 a factor of 411?
False
Is 6 a factor of 148?
False
Does 44 divide 2983?
False
Is 6624 a multiple of 184?
True
Does 253 divide 20493?
True
Is 6 a factor of 2448?
True
Does 9 divide 15822?
True
Is 1583 a multiple of 16?
False
Does 65 divide 13800?
False
Is 20 a factor of 313?
False
Is 862 a multiple of 87?
False
Is 1702 a multiple of 37?
True
Does 14 divide 261?
False
Is 8 a factor of 864?
True
Is 398 a multiple of 7?
False
Is 42 a factor of 157458?
True
Is 32606 a multiple of 34?
True
Does 64 divide 40832?
True
Is 14 a factor of 9562?
True
Is 57 a factor of 4260?
False
Is 181459 a multiple of 22?
False
Is 21404 a multiple of 43?
False
Is 4 a factor of 1032?
True
Is 22 a factor of 103378?
True
Is 97 a factor of 965?
False
Is 18 a factor of 72?
True
Does 15 divide 2527?
False
Is 90 a multiple of 18?
True
Does 4 divide 76?
True
Is 60 a factor of 1766?
False
Is 43 a factor of 7009?
True
Does 5 divide 3058?
False
Is 32 a factor of 990?
False
Is 108 a multiple of 27?
True
Is 11 a factor of 550?
True
Does 185 divide 6277?
False
Does 23 divide 1774?
False
Is 3157 a multiple of 16?
False
Does 9 divide 182?
False
Is 242 a factor of 61222?
False
Is 6601 a multiple of 41?
True
Is 72 a multiple of 3?
True
Is 6 a factor of 318?
True
Is 36 a multiple of 11?
False
Is 660 a multiple of 10?
True
Is 316 a multiple of 15?
False
Is 189 a factor of 7182?
True
Is 55 a factor of 27122?
False
Is 67 a factor of 4690?
True
Is 6 a factor of 1271?
False
Is 1755 a multiple of 27?
True
Is 3 a factor of 168?
True
Is 3 a factor of 1116?
True
Is 9 a factor of 2277?
True
Is 4 a factor of 1792?
True
Does 14 divide 454?
False
Is 14 a factor of 631?
False
Does 54 divide 1613?
False
Is 490 a multiple of 35?
True
Is 63 a factor of 1434?
False
Does 35 divide 51940?
True
Does 6 divide 103?
False
Is 150 a factor of 11250?
True
Is 17 a factor of 289?
True
Is 630 a multiple of 42?
True
Is 3744 a multiple of 72?
True
Is 1764 a multiple of 42?
True
Is 44 a factor of 34156?
False
Does 228 divide 109212?
True
Is 15 a factor of 75?
True
Does 125 divide 39257?
False
Is 4235 a multiple of 5?
True
Is 10440 even?
True
Is 42 a factor of 2856?
True
Is 12 a factor of 1708?
False
Does 24 divide 264?
True
Does 100 divide 29872?
False
Is 29 a factor of 9038?
False
Is 68 a factor of 8067?
False
Is 7800 a multiple of 42?
False
Is 61 a factor of 1342?
True
Does 4 divide 204?
True
Is 55 a factor of 4730?
True
Does 42 divide 32162?
False
Is 1062 a multiple of 18?
True
Is 3 a factor of 7656?
True
Does 45 divide 2022?
False
Is 21 a factor of 2988?
False
Does 42 divide 442?
False
Is 720 a multiple of 15?
True
Is 24 a factor of 166273?
False
Is 174 a multiple of 2?
True
Does 22 divide 1571?
False
Is 12 a factor of 3473?
False
Is 616 a multiple of 11?
True
Is 172 a multiple of 4?
True
Is 70 a factor of 3643?
False
Does 90 divide 720?
True
Is 113 a factor of 36501?
False
Does 21 divide 785?
False
Does 6 divide 16116?
True
Is 17711 a multiple of 17?
False
Is 4521 a multiple of 28?
False
Does 15 divide 324?
False
Is 12 a factor of 9080?
False
Does 41 divide 8323?
True
Is 560 a multiple of 56?
True
Does 17 divide 721?
False
Does 6 divide 1941?
False
Is 4038 a multiple of 10?
False
Is 38424 a multiple of 76?
False
Is 44 a factor of 66206?
False
Is 24 a factor of 6504?
True
Is 896 a multiple of 16?
True
Is 854 a multiple of 14?
True
Does 18 divide 1062?
True
Is 8 a factor of 8426?
False
Is 5194 a multiple of 14?
True
Does 23 divide 2622?
True
Is 852 a multiple of 75?
False
Does 66 divide 17851?
False
Is 16 a factor of 16289?
False
Is 11090 a multiple of 10?
True
Does 13 divide 79914?
False
Is 1102 a multiple of 15?
False
Is 3 a factor of 7727?
False
Does 15 divide 5490?
True
Is 836 a multiple of 38?
True
Is 550 a multiple of 5?
True
Does 11 divide 16797?
True
Is 24948 a multiple of 63?
True
Is 6040 a multiple of 57?
False
Is 7881 a multiple of 25?
False
Is 1270 a multiple of 15?
False
Is 5236 a multiple of 36?
False
Is 594 a multiple of 11?
True
Is 16 a factor of 30704?
True
Does 31 divide 737?
False
Does 5 divide 1005?
True
Does 21 divide 2898?
True
Is 720 a multiple of 40?
True
Is 32 a factor of 1839?
False
Is 8 a factor of 7591?
False
Is 517 a multiple of 19?
False
Does 33 divide 3036?
True
Does 10 divide 16912?
False
Is 73 a factor of 16498?
True
Is 525 a multiple of 5?
True
Is 3 a factor of 465?
True
Is 24 a factor of 4668?
False
Does 12 divide 10396?
False
Is 642 a multiple of 6?
True
Is 50830 a multiple of 37?
False
Does 15 divide 11385?
True
Does 35 divide 52037?
False
Does 27 divide 5859?
True
Is 39 a factor of 1285?
False
Does 133 divide 11473?
False
Is 7 a factor of 10287?
False
Does 22 divide 374?
True
Is 10 a factor of 30?
True
Does 208 divide 29673?
False
Is 14 a factor of 61934?
False
Does 19 divide 6688?
True
Does 276 divide 113343?
False
Is 8 a factor of 10848?
True
Does 2 divide 144?
True
Is 24 a factor of 277?
False
Is 16 a factor of 6545?
False
Is 1168 a multiple of 16?
True
Is 77 a factor of 1694?
True
Does 206 divide 40170?
True
Is 6621 a multiple of 19?
False
Is 19 a factor of 513?
True
Does 316 divide 22120?
True
Does 81 divide 26487?
True
Is 882 a multiple of 7?
True
Does 40 divide 2952?
False
Is 46 a factor of 322?
True
Is 29 a factor of 1682?
True
Is 2 a factor of 1052?
True
Does 21 divide 713?
False
Does 71 divide 753?
False
Is 5 a factor of 1656?
False
Is 9 a factor of 3771?
True
Is 2660 a multiple of 35?
True
Is 178 a factor of 40940?
True
Does 35 divide 46865?
True
Is 1777 a multiple of 9?
False
Is 8 a factor of 2824?
True
Does 37 divide 5143?
True
Does 54 divide 810?
True
Is 17171 a multiple of 13?
False
Does 9 divide 3020?
False
Is 187 a multiple of 17?
True
Is 1031 a multiple of 47?
False
Is 171 a factor of 1786?
False
Is 628 a multiple of 14?
False
Does 142 divide 2272?
True
Is 31 a factor of 1719?
False
Is 16 a factor of 6307?
False
Does 6 divide 18030?
True
Is 11 a factor of 1375?
True
Does 256 divide 309?
False
Does 14 divide 348?
False
Is 12 a factor of 10340?
False
Is 26 a factor of 2094?
False
Is 15347 a multiple of 45?
False
Does 3 divide 4419?
True
Is 524 a multiple of 4?
True
Is 3387 a multiple of 13?
False
Is 4 a factor of 565?
False
Does 25 divide 186737?
False
Does 12 divide 22726?
False
Does 2 divide 17?
False
Is 33853 a multiple of 17?
False
Is 26 a factor of 350?
False
Does 8 divide 1624?
True
Does 213 divide 78966?
False
Is 153 a multiple of 9?
True
Is 921 a multiple of 15?
False
Does 15 divide 32197?
False
Does 7 divide 413?
True
Is 448 a multiple of 32?
True
Does 87 divide 6351?
True
Does 9 divide 270?
True
Is 1110 a multiple of 53?
False
Does 38 divide 2475?
False
Is 49 a factor of 1447?
False
Is 7 a factor of 4501?
True
Does 29 divide 4031?
True
Is 121 a factor of 128986?
True
Is 2447 even?
False
Does 8 divide 112?
True
Is 59 a factor of 546?
False
Is 900 a multiple of 23?
False
Is 7640 a multiple of 8?
True
Does 25 divide 2899?
False
Is 3240 a multiple of 18?
True
Is 430 a multiple of 43?
True
Is 774 a multiple of 52?
False
Is 24 a factor of 155?
False
Is 1616 a multiple of 16?
True
Is 10752 a multiple of 128?
True
Does 15 divide 360?
True
Does 8 divide 4088?
True
Is 32 a factor of 7188?
False
Is 10 a factor of 6310?
True
Is 12 a factor of 4648?
False
Does 33 divide 2310?
True
Does 24 divide 511?
False
Is 155 a multiple of 5?
True
Does 46 divide 3718?
False
Does 9 divide 4989?
False
Is 114 a factor of 21337?
False
Is 21598 a multiple of 9?
False
Is 9648 a multiple of 67?
True
Does 22 divide 4351?
False
Is 98 a factor of 4935?
False
Does 149 divide 4321?
True
Is 39603 a multiple of 8?
False
Does 28 divide 5320?
True
Does 177 divide 13275?
True
Is 44198 a multiple of 82?
True
Does 21 divide 168?
True
Is 13 a factor of 920?
False
Is 15 a factor of 1635?
True
Does 12 divide 5340?
True
Is 48071 a multiple of 161?
False
Is 25476 a multiple of 193?
True
Is 22 a factor of 3388?
True
Is 7 a factor of 1569?
False
Does 9 divide 234?
True
Is 48816 a multiple of 54?
True
Is 7822 a multiple of 33?
False
Does 27 divide 89?
False
Is 3 a factor of 87?
True
Is 48 a factor of 3599?
False
Is 234 a multiple of 117?
True
Does 53 divide 290?
False
Is 1925 a multiple of 34?
False
Is 7695 a multiple of 81?
True
Is 118 a mult